{"id":301,"date":"2022-11-20T16:11:50","date_gmt":"2022-11-20T16:11:50","guid":{"rendered":"https:\/\/fejlesztomozgasterapia.hu\/?page_id=301"},"modified":"2024-07-25T17:13:15","modified_gmt":"2024-07-25T17:13:15","slug":"iskolaelokeszito-foglalkozas","status":"publish","type":"page","link":"https:\/\/fejlesztomozgasterapia.hu\/?page_id=301","title":{"rendered":"K\u00e9sz\u00fclj\u00fcnk az iskol\u00e1ra!"},"content":{"rendered":"\n<p>Minden nagycsoportos \u00f3vod\u00e1s sz\u00fcl\u0151je sz\u00e1m\u00e1ra fontos k\u00e9rd\u00e9s, hogy gyermeke elkezdje-e 6 \u00e9vesen az \u00e1ltal\u00e1nos iskol\u00e1t vagy sem. A felm\u00e9r\u00e9sek &#8211; \u00e9s saj\u00e1t tapasztalataim &#8211; alapj\u00e1n a 6 \u00e9ves gyermekek kevesebb sz\u00e1zal\u00e9ka az, aki val\u00f3ban meg\u00e9rett k\u00e9pess\u00e9gi szinten is az iskol\u00e1ra. A d\u00f6nt\u00e9s a sz\u00fcl\u0151 joga, de \u00e9rdemes seg\u00edts\u00e9get k\u00e9rni a helyzet pedag\u00f3giai szempont\u00fa meg\u00edt\u00e9l\u00e9s\u00e9ben szakembert\u0151l.<\/p>\n\n\n\n<h2 class=\"wp-block-heading has-pale-cyan-blue-color has-text-color\" style=\"font-size:19px;font-style:normal;font-weight:500\"><strong>Iskola\u00e9retts\u00e9gi vizsg\u00e1lat<\/strong><\/h2>\n\n\n\n<p>A Diagnosztikus fejl\u0151d\u00e9svizsg\u00e1l\u00f3 rendszer haszn\u00e1lat\u00e1val meg\u00e1llap\u00edthat\u00f3, hogy az 5-7 \u00e9ves \u00f3vod\u00e1s kor\u00fa gyermek a k\u00e9pess\u00e9gfejl\u0151d\u00e9se melyik szakasz\u00e1ban tart jelenleg. A felm\u00e9r\u00e9s alapot k\u00e9pezhet az iskolakezd\u00e9s eld\u00f6nt\u00e9s\u00e9nek \u00e9s a fejleszt\u00e9s sz\u00fcks\u00e9gess\u00e9g\u00e9nek k\u00e9rd\u00e9s\u00e9ben.<br>A felm\u00e9r\u00e9s id\u0151tartalma 2&#215;45 perc.<br>A vizsg\u00e1lati ter\u00fcletek az \u00edr\u00e1smozg\u00e1skoordin\u00e1ci\u00f3, a besz\u00e9dhanghall\u00e1s, a szocialit\u00e1s, a sz\u00e1mol\u00e1s \u00e9s a mozg\u00e1s. A felm\u00e9r\u00e9s saj\u00e1t ig\u00e9nyekhez szabva, j\u00e1t\u00e9kos form\u00e1ban zajlik.<\/p>\n\n\n\n<h2 class=\"wp-block-heading has-pale-cyan-blue-color has-text-color\" style=\"font-size:19px;font-style:normal;font-weight:500\"><strong>Iskolael\u0151k\u00e9sz\u00edt\u0151 foglalkoz\u00e1s<\/strong><\/h2>\n\n\n\n<p>Az \u00f3vodai nevel\u00e9s keretein bel\u00fcl egyre kev\u00e9sb\u00e9 fejlesztik megfelel\u0151 m\u00e9rt\u00e9kben az \u00e1ltal\u00e1nos iskol\u00e1ba k\u00e9sz\u00fcl\u0151 kisgyermekek k\u00e9pess\u00e9geit. A k\u00e9pess\u00e9gek fejl\u0151d\u00e9se \u00e1ltal \u00e9rik az idegrendszer. A k\u00e9pess\u00e9gek alacsony m\u00e9rt\u00e9ke pedig \u00e9retlen idegrendszerre utalhat, ami az \u00e1ltal\u00e1nos iskol\u00e1ban tanul\u00e1si neh\u00e9zs\u00e9gben mutatkozhat meg. Az iskolael\u0151k\u00e9sz\u00edt\u0151 foglalkoz\u00e1s ezt az \u00e1tmenetet hivatott g\u00f6rd\u00fcl\u00e9kenyebb\u00e9 tenni, mes\u00e9s, j\u00e1t\u00e9kos, mozg\u00e1sos form\u00e1ban, az egyes k\u00e9pess\u00e9gter\u00fcletek szintrehoz\u00e1s\u00e1val. A foglalkoz\u00e1s id\u0151tartalma 45 perc \u00e9s egy\u00e9ni ill. kiscsoportos form\u00e1ban zajlik.<\/p>\n","protected":false},"excerpt":{"rendered":"<p>Minden nagycsoportos \u00f3vod\u00e1s sz\u00fcl\u0151je sz\u00e1m\u00e1ra fontos k\u00e9rd\u00e9s, hogy gyermeke elkezdje-e 6 \u00e9vesen az \u00e1ltal\u00e1nos iskol\u00e1t vagy sem. A felm\u00e9r\u00e9sek &#8211; \u00e9s saj\u00e1t tapasztalataim &#8211; alapj\u00e1n a 6 \u00e9ves gyermekek kevesebb sz\u00e1zal\u00e9ka az, aki val\u00f3ban meg\u00e9rett k\u00e9pess\u00e9gi szinten is az iskol\u00e1ra. &hellip; <\/p>\n","protected":false},"author":1,"featured_media":0,"parent":0,"menu_order":0,"comment_status":"closed","ping_status":"closed","template":"","meta":{"footnotes":""},"class_list":["post-301","page","type-page","status-publish","hentry"],"_links":{"self":[{"href":"https:\/\/fejlesztomozgasterapia.hu\/index.php?rest_route=\/wp\/v2\/pages\/301","targetHints":{"allow":["GET"]}}],"collection":[{"href":"https:\/\/fejlesztomozgasterapia.hu\/index.php?rest_route=\/wp\/v2\/pages"}],"about":[{"href":"https:\/\/fejlesztomozgasterapia.hu\/index.php?rest_route=\/wp\/v2\/types\/page"}],"author":[{"embeddable":true,"href":"https:\/\/fejlesztomozgasterapia.hu\/index.php?rest_route=\/wp\/v2\/users\/1"}],"replies":[{"embeddable":true,"href":"https:\/\/fejlesztomozgasterapia.hu\/index.php?rest_route=%2Fwp%2Fv2%2Fcomments&post=301"}],"version-history":[{"count":9,"href":"https:\/\/fejlesztomozgasterapia.hu\/index.php?rest_route=\/wp\/v2\/pages\/301\/revisions"}],"predecessor-version":[{"id":367,"href":"https:\/\/fejlesztomozgasterapia.hu\/index.php?rest_route=\/wp\/v2\/pages\/301\/revisions\/367"}],"wp:attachment":[{"href":"https:\/\/fejlesztomozgasterapia.hu\/index.php?rest_route=%2Fwp%2Fv2%2Fmedia&parent=301"}],"curies":[{"name":"wp","href":"https:\/\/api.w.org\/{rel}","templated":true}]}}