{"id":37,"date":"2022-05-08T11:07:04","date_gmt":"2022-05-08T11:07:04","guid":{"rendered":"http:\/\/fejlesztomozgasterapia.hu\/?page_id=37"},"modified":"2024-07-25T17:02:30","modified_gmt":"2024-07-25T17:02:30","slug":"komplex-mozgasterapias-fejlesztes","status":"publish","type":"page","link":"https:\/\/fejlesztomozgasterapia.hu\/?page_id=37","title":{"rendered":"Komplex mozg\u00e1ster\u00e1pi\u00e1s fejleszt\u00e9s"},"content":{"rendered":"\n<p><strong><mark style=\"background-color:rgba(0, 0, 0, 0)\" class=\"has-inline-color has-pale-cyan-blue-color\">Mi a Komplex mozg\u00e1ster\u00e1pia? (KMT)<\/mark><\/strong><\/p>\n\n\n\n<p>A Komplex mozg\u00e1ster\u00e1pia egy fejleszt\u0151 elj\u00e1r\u00e1s, amely szorosan alapul veszi az idegrendszeri \u00e9r\u00e9s folyamat\u00e1t, a mozg\u00e1sfejl\u0151d\u00e9s rendszer\u00e9vel. Ha a mozg\u00e1sfejl\u0151d\u00e9s szakaszai hi\u00e1nyosan mennek v\u00e9gbe, val\u00f3sz\u00edn\u0171s\u00edthet\u0151 a k\u00e9s\u0151bbiek sor\u00e1n a magasabb kognit\u00edv funkci\u00f3k (pl.: tanul\u00e1s) alulszervez\u0151d\u00e9se. A fejleszt\u0151 elj\u00e1r\u00e1s t\u00e1mogatja az idegrendszer \u00fajraszervez\u0151d\u00e9se \u00e1ltal a k\u00e9pess\u00e9gek fejl\u0151d\u00e9s\u00e9t.<\/p>\n\n\n\n<p><strong><mark style=\"background-color:rgba(0, 0, 0, 0)\" class=\"has-inline-color has-pale-cyan-blue-color\">Mikor tud seg\u00edteni a Komplex mozg\u00e1ster\u00e1pia?<\/mark><\/strong><\/p>\n\n\n\n<p>Ha a gyermekn\u00e9l \u00e9szlelhet\u0151:<\/p>\n\n\n\n<ul class=\"wp-block-list\">\n<li>tanul\u00e1si neh\u00e9zs\u00e9g (olvas\u00e1s, \u00edr\u00e1s, sz\u00e1mol\u00e1s)<\/li>\n\n\n\n<li>beilleszked\u00e9si, magatart\u00e1si neh\u00e9zs\u00e9g<\/li>\n\n\n\n<li>figyelem-koncentr\u00e1ci\u00f3 zavar<\/li>\n\n\n\n<li>hiperaktivit\u00e1s (ADHD)<\/li>\n\n\n\n<li>r\u00e9szk\u00e9pess\u00e9gzavar (dislexia, discalculia, disgraphia)<\/li>\n\n\n\n<li>megk\u00e9sett besz\u00e9dfejl\u0151d\u00e9s, makacs besz\u00e9dhiba<\/li>\n\n\n\n<li>egyens\u00falyi neh\u00e9zs\u00e9g (t\u00e9riszony, rosszull\u00e9t a forg\u00e1sos-mozg\u00e1sos tev\u00e9kenys\u00e9gek sor\u00e1n)<\/li>\n\n\n\n<li>\u00f6sszerendezetlen mozg\u00e1s<\/li>\n\n\n\n<li>gyenge finommotorika<\/li>\n\n\n\n<li>kialakulatlan vagy kevert dominancia (kezess\u00e9g)<\/li>\n<\/ul>\n\n\n\n<p><mark style=\"background-color:rgba(0, 0, 0, 0)\" class=\"has-inline-color has-pale-cyan-blue-color\"><strong>Mikort\u00f3l folytathat\u00f3 a Komplex mozg\u00e1ster\u00e1pia?<\/strong><\/mark><\/p>\n\n\n\n<p>A mozg\u00e1ster\u00e1pia 5 \u00e9ves kort\u00f3l folytathat\u00f3 \u00e9s nincsen fels\u0151 korhat\u00e1ra a megkezd\u00e9s\u00e9nek.<\/p>\n\n\n\n<p><strong><mark style=\"background-color:rgba(0, 0, 0, 0)\" class=\"has-inline-color has-pale-cyan-blue-color\">Hogyan zajlik a Komplex mozg\u00e1ster\u00e1pi\u00e1s fejleszt\u00e9s?<\/mark><\/strong><\/p>\n\n\n\n<p>A mozg\u00e1ster\u00e1pi\u00e1s fejleszt\u00e9st megel\u0151zi egy felm\u00e9r\u00e9s ami 60-120 perc id\u0151tartalm\u00fa.<br>A felm\u00e9r\u00e9s egyik r\u00e9sze a sz\u00fcl\u0151i interj\u00fa, amely sor\u00e1n a sz\u00fcl\u0151 inform\u00e1ci\u00f3kat tud ny\u00fajtani a gyermeke fejl\u0151d\u00e9s\u00e9r\u0151l a fejleszt\u0151nek. <br>A felm\u00e9r\u00e9s m\u00e1sik r\u00e9sze a gyermek k\u00e9pess\u00e9gter\u00fcleteinek, idegrendszeri \u00e1llapot\u00e1nak felm\u00e9r\u00e9se. Ennek sor\u00e1n m\u00e9rj\u00fck fel mely ter\u00fcleteken kell fejleszteni a gyermeket.<br>A sz\u00fcl\u0151 a felm\u00e9r\u00e9s sor\u00e1n v\u00e9gig benntart\u00f3zkodik a gyermekkel a fejleszt\u0151 szob\u00e1ban.<\/p>\n\n\n\n<p>A felm\u00e9r\u00e9s ut\u00e1n k\u00f6vetkezik a k\u00f6z\u00f6s ki\u00e9rt\u00e9kel\u00e9s, amely sor\u00e1n a sz\u00fcl\u0151 is k\u00e9pet kaphat arr\u00f3l milyen ter\u00fcleteken vannak neh\u00e9zs\u00e9gei gyermek\u00e9nek. A ki\u00e9rt\u00e9kel\u00e9s ut\u00e1n a fejleszt\u0151 elk\u00e9sz\u00edti az egy\u00e9ni mozg\u00e1ster\u00e1pi\u00e1s gyakorlatsort \u00e9s betan\u00edtja azt a gyermeknek. A gyakorlatsort heti 3-4 alkalommal kell a gyermeknek eltorn\u00e1zni otthon. (Ig\u00e9ny eset\u00e9n egy\u00e9ni foglalkoz\u00e1s keretein bel\u00fcl.)<\/p>\n\n\n\n<p>A mozg\u00e1ster\u00e1pi\u00e1s fejleszt\u00e9st a fejleszt\u0151, a havonta v\u00e9gzend\u0151 kontroll alkalmak \u00e1ltal fel\u00fcgyeli. A kontroll alkalom 30-60 perc id\u0151tartalm\u00fa.<\/p>\n","protected":false},"excerpt":{"rendered":"<p>Mi a Komplex mozg\u00e1ster\u00e1pia? (KMT) A Komplex mozg\u00e1ster\u00e1pia egy fejleszt\u0151 elj\u00e1r\u00e1s, amely szorosan alapul veszi az idegrendszeri \u00e9r\u00e9s folyamat\u00e1t, a mozg\u00e1sfejl\u0151d\u00e9s rendszer\u00e9vel. Ha a mozg\u00e1sfejl\u0151d\u00e9s szakaszai hi\u00e1nyosan mennek v\u00e9gbe, val\u00f3sz\u00edn\u0171s\u00edthet\u0151 a k\u00e9s\u0151bbiek sor\u00e1n a magasabb kognit\u00edv funkci\u00f3k (pl.: tanul\u00e1s) alulszervez\u0151d\u00e9se. &hellip; <\/p>\n","protected":false},"author":1,"featured_media":0,"parent":0,"menu_order":0,"comment_status":"closed","ping_status":"closed","template":"","meta":{"footnotes":""},"class_list":["post-37","page","type-page","status-publish","hentry"],"_links":{"self":[{"href":"https:\/\/fejlesztomozgasterapia.hu\/index.php?rest_route=\/wp\/v2\/pages\/37","targetHints":{"allow":["GET"]}}],"collection":[{"href":"https:\/\/fejlesztomozgasterapia.hu\/index.php?rest_route=\/wp\/v2\/pages"}],"about":[{"href":"https:\/\/fejlesztomozgasterapia.hu\/index.php?rest_route=\/wp\/v2\/types\/page"}],"author":[{"embeddable":true,"href":"https:\/\/fejlesztomozgasterapia.hu\/index.php?rest_route=\/wp\/v2\/users\/1"}],"replies":[{"embeddable":true,"href":"https:\/\/fejlesztomozgasterapia.hu\/index.php?rest_route=%2Fwp%2Fv2%2Fcomments&post=37"}],"version-history":[{"count":14,"href":"https:\/\/fejlesztomozgasterapia.hu\/index.php?rest_route=\/wp\/v2\/pages\/37\/revisions"}],"predecessor-version":[{"id":363,"href":"https:\/\/fejlesztomozgasterapia.hu\/index.php?rest_route=\/wp\/v2\/pages\/37\/revisions\/363"}],"wp:attachment":[{"href":"https:\/\/fejlesztomozgasterapia.hu\/index.php?rest_route=%2Fwp%2Fv2%2Fmedia&parent=37"}],"curies":[{"name":"wp","href":"https:\/\/api.w.org\/{rel}","templated":true}]}}