{"id":8,"date":"2022-05-08T10:54:11","date_gmt":"2022-05-08T10:54:11","guid":{"rendered":"http:\/\/fejlesztomozgasterapia.hu\/?page_id=8"},"modified":"2024-07-25T17:21:11","modified_gmt":"2024-07-25T17:21:11","slug":"elerhetoseg","status":"publish","type":"page","link":"https:\/\/fejlesztomozgasterapia.hu\/?page_id=8","title":{"rendered":"Kapcsolat"},"content":{"rendered":"<div class=\"wp-block-image\">\n<figure class=\"alignleft size-large is-resized\"><img loading=\"lazy\" decoding=\"async\" width=\"1024\" height=\"720\" src=\"https:\/\/fejlesztomozgasterapia.hu\/wp-content\/uploads\/2022\/11\/terkep-1-1024x720.jpg\" alt=\"\" class=\"wp-image-309\" style=\"width:493px;height:346px\" srcset=\"https:\/\/fejlesztomozgasterapia.hu\/wp-content\/uploads\/2022\/11\/terkep-1-1024x720.jpg 1024w, https:\/\/fejlesztomozgasterapia.hu\/wp-content\/uploads\/2022\/11\/terkep-1-300x211.jpg 300w, https:\/\/fejlesztomozgasterapia.hu\/wp-content\/uploads\/2022\/11\/terkep-1-768x540.jpg 768w, https:\/\/fejlesztomozgasterapia.hu\/wp-content\/uploads\/2022\/11\/terkep-1.jpg 1119w\" sizes=\"auto, (max-width: 1024px) 100vw, 1024px\" \/><\/figure>\n<\/div>\n\n\n<p class=\"has-text-align-left\"><strong>C\u00edm<\/strong><br>V\u00e1rk\u00f6r\u00fat 25-27.<br>8000 Sz\u00e9kesfeh\u00e9rv\u00e1r<\/p>\n\n\n\n<p class=\"has-text-align-left\"><strong>Telefon<\/strong><br>+36203529655<\/p>\n\n\n\n<p class=\"has-text-align-left\"><strong>E-mail<\/strong><br>szivarvanyfejlesztokucko@gmail.com<br>deak.zsuzsanna.zita@gmail.com<\/p>\n\n\n\n<p><strong>Facebook<\/strong> <a href=\"https:\/\/www.facebook.com\/fejlesztomozgasterapia.hu\" data-type=\"URL\" data-id=\"https:\/\/www.facebook.com\/fejlesztomozgasterapia.hu\">https:\/\/www.facebook.com\/fejlesztomozgasterapia.hu<\/a><\/p>\n\n\n\n<p class=\"has-text-align-center\"><mark style=\"background-color:rgba(0, 0, 0, 0)\" class=\"has-inline-color has-pale-pink-color\"><strong>K\u00e9rj id\u0151pontot hozz\u00e1m az al\u00e1bbi el\u00e9rhet\u0151s\u00e9gek egyik\u00e9n!<\/strong><\/mark><\/p>\n\n\n\n<p><\/p>\n\n\n\n<p><\/p>\n\n\n\n<p class=\"has-text-align-left\"><br>H\u00e9tf\u0151-Szerda-Cs\u00fct\u00f6rt\u00f6k: 10:00\u201318:00<br>Kedd-P\u00e9ntek: 8:00-18:00<br>Szombat: 8:30 \u201314:00<\/p>\n\n\n\n<figure class=\"wp-block-gallery has-nested-images columns-3 is-cropped has-background wp-block-gallery-1 is-layout-flex wp-block-gallery-is-layout-flex\" style=\"background:linear-gradient(135deg,rgb(255,206,236) 0%,rgb(255,255,255) 11%,rgb(152,150,240) 100%)\">\n<figure class=\"wp-block-image size-large is-style-default\"><img loading=\"lazy\" decoding=\"async\" width=\"769\" height=\"1024\" data-id=\"254\" src=\"https:\/\/fejlesztomozgasterapia.hu\/wp-content\/uploads\/2022\/08\/IMG_20220804_180745-769x1024.jpg\" alt=\"\" class=\"wp-image-254\" srcset=\"https:\/\/fejlesztomozgasterapia.hu\/wp-content\/uploads\/2022\/08\/IMG_20220804_180745-769x1024.jpg 769w, https:\/\/fejlesztomozgasterapia.hu\/wp-content\/uploads\/2022\/08\/IMG_20220804_180745-225x300.jpg 225w, https:\/\/fejlesztomozgasterapia.hu\/wp-content\/uploads\/2022\/08\/IMG_20220804_180745-768x1022.jpg 768w, https:\/\/fejlesztomozgasterapia.hu\/wp-content\/uploads\/2022\/08\/IMG_20220804_180745-1154x1536.jpg 1154w, https:\/\/fejlesztomozgasterapia.hu\/wp-content\/uploads\/2022\/08\/IMG_20220804_180745-1538x2048.jpg 1538w, https:\/\/fejlesztomozgasterapia.hu\/wp-content\/uploads\/2022\/08\/IMG_20220804_180745-scaled.jpg 1923w\" sizes=\"auto, (max-width: 769px) 100vw, 769px\" \/><\/figure>\n\n\n\n<figure class=\"wp-block-image size-large\"><img loading=\"lazy\" decoding=\"async\" width=\"769\" height=\"1024\" data-id=\"204\" src=\"https:\/\/fejlesztomozgasterapia.hu\/wp-content\/uploads\/2022\/05\/IMG_20220521_151218-769x1024.jpg\" alt=\"\" class=\"wp-image-204\" srcset=\"https:\/\/fejlesztomozgasterapia.hu\/wp-content\/uploads\/2022\/05\/IMG_20220521_151218-769x1024.jpg 769w, https:\/\/fejlesztomozgasterapia.hu\/wp-content\/uploads\/2022\/05\/IMG_20220521_151218-225x300.jpg 225w, https:\/\/fejlesztomozgasterapia.hu\/wp-content\/uploads\/2022\/05\/IMG_20220521_151218-768x1022.jpg 768w, https:\/\/fejlesztomozgasterapia.hu\/wp-content\/uploads\/2022\/05\/IMG_20220521_151218-1154x1536.jpg 1154w, https:\/\/fejlesztomozgasterapia.hu\/wp-content\/uploads\/2022\/05\/IMG_20220521_151218-1538x2048.jpg 1538w, https:\/\/fejlesztomozgasterapia.hu\/wp-content\/uploads\/2022\/05\/IMG_20220521_151218-scaled.jpg 1923w\" sizes=\"auto, (max-width: 769px) 100vw, 769px\" \/><\/figure>\n\n\n\n<figure class=\"wp-block-image size-large\"><img loading=\"lazy\" decoding=\"async\" width=\"768\" height=\"1024\" data-id=\"256\" src=\"https:\/\/fejlesztomozgasterapia.hu\/wp-content\/uploads\/2022\/08\/IMG_20220804_180908-768x1024.jpg\" alt=\"\" class=\"wp-image-256\" srcset=\"https:\/\/fejlesztomozgasterapia.hu\/wp-content\/uploads\/2022\/08\/IMG_20220804_180908-768x1024.jpg 768w, https:\/\/fejlesztomozgasterapia.hu\/wp-content\/uploads\/2022\/08\/IMG_20220804_180908-225x300.jpg 225w, https:\/\/fejlesztomozgasterapia.hu\/wp-content\/uploads\/2022\/08\/IMG_20220804_180908-1152x1536.jpg 1152w, https:\/\/fejlesztomozgasterapia.hu\/wp-content\/uploads\/2022\/08\/IMG_20220804_180908-1536x2048.jpg 1536w, https:\/\/fejlesztomozgasterapia.hu\/wp-content\/uploads\/2022\/08\/IMG_20220804_180908-scaled.jpg 1920w\" sizes=\"auto, (max-width: 768px) 100vw, 768px\" \/><\/figure>\n\n\n\n<figure class=\"wp-block-image size-large is-style-default\"><img loading=\"lazy\" decoding=\"async\" width=\"1024\" height=\"769\" data-id=\"201\" src=\"https:\/\/fejlesztomozgasterapia.hu\/wp-content\/uploads\/2022\/05\/IMG_20220521_151052-1024x769.jpg\" alt=\"\" class=\"wp-image-201\" srcset=\"https:\/\/fejlesztomozgasterapia.hu\/wp-content\/uploads\/2022\/05\/IMG_20220521_151052-1024x769.jpg 1024w, https:\/\/fejlesztomozgasterapia.hu\/wp-content\/uploads\/2022\/05\/IMG_20220521_151052-300x225.jpg 300w, https:\/\/fejlesztomozgasterapia.hu\/wp-content\/uploads\/2022\/05\/IMG_20220521_151052-768x577.jpg 768w, https:\/\/fejlesztomozgasterapia.hu\/wp-content\/uploads\/2022\/05\/IMG_20220521_151052-1536x1154.jpg 1536w, https:\/\/fejlesztomozgasterapia.hu\/wp-content\/uploads\/2022\/05\/IMG_20220521_151052-2048x1538.jpg 2048w\" sizes=\"auto, (max-width: 1024px) 100vw, 1024px\" \/><\/figure>\n<\/figure>\n","protected":false},"excerpt":{"rendered":"<p>C\u00edmV\u00e1rk\u00f6r\u00fat 25-27.8000 Sz\u00e9kesfeh\u00e9rv\u00e1r Telefon+36203529655 E-mailszivarvanyfejlesztokucko@gmail.comdeak.zsuzsanna.zita@gmail.com Facebook https:\/\/www.facebook.com\/fejlesztomozgasterapia.hu K\u00e9rj id\u0151pontot hozz\u00e1m az al\u00e1bbi el\u00e9rhet\u0151s\u00e9gek egyik\u00e9n! H\u00e9tf\u0151-Szerda-Cs\u00fct\u00f6rt\u00f6k: 10:00\u201318:00Kedd-P\u00e9ntek: 8:00-18:00Szombat: 8:30 \u201314:00<\/p>\n","protected":false},"author":1,"featured_media":0,"parent":0,"menu_order":0,"comment_status":"closed","ping_status":"closed","template":"","meta":{"footnotes":""},"class_list":["post-8","page","type-page","status-publish","hentry"],"_links":{"self":[{"href":"https:\/\/fejlesztomozgasterapia.hu\/index.php?rest_route=\/wp\/v2\/pages\/8","targetHints":{"allow":["GET"]}}],"collection":[{"href":"https:\/\/fejlesztomozgasterapia.hu\/index.php?rest_route=\/wp\/v2\/pages"}],"about":[{"href":"https:\/\/fejlesztomozgasterapia.hu\/index.php?rest_route=\/wp\/v2\/types\/page"}],"author":[{"embeddable":true,"href":"https:\/\/fejlesztomozgasterapia.hu\/index.php?rest_route=\/wp\/v2\/users\/1"}],"replies":[{"embeddable":true,"href":"https:\/\/fejlesztomozgasterapia.hu\/index.php?rest_route=%2Fwp%2Fv2%2Fcomments&post=8"}],"version-history":[{"count":20,"href":"https:\/\/fejlesztomozgasterapia.hu\/index.php?rest_route=\/wp\/v2\/pages\/8\/revisions"}],"predecessor-version":[{"id":369,"href":"https:\/\/fejlesztomozgasterapia.hu\/index.php?rest_route=\/wp\/v2\/pages\/8\/revisions\/369"}],"wp:attachment":[{"href":"https:\/\/fejlesztomozgasterapia.hu\/index.php?rest_route=%2Fwp%2Fv2%2Fmedia&parent=8"}],"curies":[{"name":"wp","href":"https:\/\/api.w.org\/{rel}","templated":true}]}}